 -x - 2*x + 24. Let p(a) = a**2 - 3*a + 1. Calculate the remainder when 4/6 - 166/(-3) is divided by p(o).
18
Let p = 11 - -39. Calculate the remainder when p is divided by 18.
14
Suppose 0 = 5*r - 4*w - 137, -w + 25 + 6 = r. Calculate the remainder when 84 is divided by r.
26
Let r(l) = -12*l - 2. Let v be r(-3). Suppose -v = -3*c + 4*z, -79 = -2*c - 3*z - 28. Calculate the remainder when 35 is divided by c.
17
Let o(k) = -k - 7. Let x be o(-5). Calculate the remainder when 25 is divided by (9 - (0 - 2)) + x.
7
Let g be (1/2)/(5/40*-1). Suppose -4*b - 3*h - 28 = h, b = 2*h - 7. Let w = g - b. What is the remainder when 7 is divided by w?
1
Suppose -4*m + 3*r = -8, -5*r + r = -5*m + 10. Suppose m*j = 3*j - 18. Suppose -3*h - 38 + 143 = 0. What is the remainder when h is divided by j?
17
Let b(x) = x**3 - 4*x**2 - x - 4. Let k = -86 + 132. What is the remainder when k is divided by b(5)?
14
Let i(s) = s + 7. What is the remainder when 9 is divided by i(-4)?
0
Suppose -3*s = -s - 300. Calculate the remainder when s is divided by 38.
36
Let h(r) = -r**3 - 2 + 10*r**2 + 2*r**3 - 12*r + 0. Let z(o) = 26*o**2. What is the remainder when z(1) is divided by h(-11)?
8
Let x be 6/(-12) - (-14)/(-4). What is the remainder when 3 + x - -138 - 3 is divided by 34?
32
Let j = 66 - 23. Calculate the remainder when j is divided by 16 + (2 - 1)/(-1).
13
Let k = -2 - -7. What is the remainder when 9 is divided by k?
4
Let v be (139/3 + 0)*3. Suppose -5*f = 2*s - v, -4*s - 2*f + 3*f + 245 = 0. Suppose -20*y + 14*y = -126. What is the remainder when s is divided by y?
20
What is the remainder when (42/8)/(3/8) is divided by 4?
2
Let v be 4/(-2) + (-6)/(-3). Suppose -r - f - 2*f - 5 = v, f + 4 = 0. Calculate the remainder when 19 is divided by r.
5
Let g(r) = -12*r - 19. Let q(j) = -18*j - 28. Let h(x) = -7*g(x) + 5*q(x). What is the remainder when h(-7) is divided by 12?
11
Let k(o) = -o**2 + 8*o - 5. Let x be k(6). Suppose x = -3*f + 73. What is the remainder when f is divided by 6?
4
Let v = -181 - -288. What is the remainder when v is divided by 27?
26
Let z = 47 + -25. Calculate the remainder when z is divided by 6.
4
Let r = 13 + -6. Suppose r = d + 1. What is the remainder when 15 is divided by d?
3
Let j = -1096 - -1098. Calculate the remainder when j is divided by 2/6 - (-4)/6.
0
Suppose -f = -3*a + 16, -2*a + 2*f + 4 + 0 = 0. Calculate the remainder when 27 is divided by a.
6
Suppose -u + 6 + 15 = 0. Suppose 0 = -3*d - 0*d + u. What is the remainder when 13 is divided by d?
6
Let y = 120 - 15. What is the remainder when y is divided by 27?
24
Let g(d) = 3*d + 16. What is the remainder when g(9) is divided by 12?
7
Suppose 147 + 312 = 3*x. Suppose -5*d = 43 - x. What is the remainder when d is divided by 8?
6
Suppose -o + 59 = 2*d, 0 = 5*o - 0*o + 15. Let j = 13 - 21. Let l = j + 19. Calculate the remainder when d is divided by l.
9
Suppose 0 = 3*z - 3*b - 6, 3*z - 2 = 6*z - 5*b. Let c = 18 - z. Calculate the remainder when 23 is divided by c.
11
Let n be 5/2 - (-1)/2. Suppose -n + 11 = s. Suppose -2*p + 4*r + 42 = s*r, 5*p - 30 = 5*r. What is the remainder when 31 is divided by p?
9
Suppose 7*l - 14 = 91. Calculate the remainder when 40 is divided by l.
10
Let p(s) be the first derivative of -s**4/4 + 4*s**3/3 + 2*s**2 + 1. What is the remainder when p(4) is divided by (0 - -9)*(1 - 0)?
7
Let t(l) = l**2. Let a(k) = -4*k**2 + 1. Let o(d) = a(d) - 6*t(d). Let p be o(-1). What is the remainder when 1 is divided by 3/p*(2 + -5)?
0
Suppose 1 = -u + 4. Suppose r = 2*s - 21, -u*s + 62 = -4*r + 3. Let g = 21 + r. Calculate the remainder when g is divided by 4.
2
Suppose 4*v - 11 = 13. Suppose -3*n - 6 = -v*s + 3*s, -5*s - 3*n = -50. What is the remainder when 25 is divided by s?
4
Suppose 0 = 5*y + 87 - 207. Calculate the remainder when 40 is divided by y.
16
Suppose -2 - 4 = -4*a - 2*w, -5*w - 15 = -5*a. Suppose -2*z = -a - 2. What is the remainder when (4 - 2)/((-4)/(-10)) is divided by z?
1
Suppose 0 = -4*s + 16, -2*b + 20 = -s + 3*s. Let d = -1 + b. Suppose -3*f + d = -4*f, 0 = 3*a - 4*f - 62. What is the remainder when a is divided by 8?
6
Suppose -4*l + 5 = b - 1, -3*b - 5*l = -18. Suppose 5*v - 55 = 5*a, 0*v - 3*a = 2*v - 2. Calculate the remainder when v is divided by (3*-1)/(b/(-8)).
3
Suppose -4*s = r - 24, -3*r - 2*s + 32 = -0*s. Calculate the remainder when 68 is divided by r.
4
Suppose 2*c = -2*c - 32. Let o(n) = -n**3 - 9*n**2 - 10*n - 6. Let i(a) = a**2. Calculate the remainder when o(c) is divided by i(-2).
2
Let z be (0 + -3)/((-3)/2). Let v be (z/3)/((-4)/(-30)). Suppose 4*l = -v*q + l + 137, q - 3*l = 13. What is the remainder when q is divided by 13?
12
Let u = -1 + 14. Let s = 30 - 26. Calculate the remainder when 53 - 14 - s/2 is divided by u.
11
Suppose -2*r + 264 = 2*r. Calculate the remainder when (r + -2 + 0)/1 is divided by 17.
13
Let a(q) = -q**2 - 12*q - 10. Calculate the remainder when 86 is divided by a(-8).
20
Suppose -4*a - 127 + 331 = 0. Let w = 71 - a. Suppose 4*v - 42 - 2 = 0. Calculate the remainder when w is divided by v.
9
Suppose y + 2 = 3*t, -t + 8 = 4*y - 5*t. Let b = 10 - y. Suppose -2*r - 3*r + 80 = 0. Calculate the remainder when r is divided by b.
4
Suppose 5*v + 29 = i, 0*i + 3*v = -3*i + 69. Calculate the remainder when 29 is divided by 272/i - 8/6.
9
Let s(k) = -16*k + 2. What is the remainder when 69 is divided by s(-1)?
15
Calculate the remainder when 11 is divided by 79/11 + 6/(-33).
4
Suppose 4*g - 6 = x, -4 = -g - 3. Let i be 4 - (x + 4) - -2. Suppose 3 = i*s - 1. What is the remainder when 1 is divided by s?
0
Suppose 0 = -3*f - 30 - 72. Let q = f - -60. Let j(z) = 2*z + 6. What is the remainder when q is divided by j(4)?
12
Suppose 5*o = 5*i - 20, 4*i = -0*i - 5*o + 7. Calculate the remainder when i is divided by 1.
0
Suppose -3*c + 5*t = -10, 4*t + 8 = 5*c - 0*c. Let m = 7 - c. Calculate the remainder when ((-38)/(-6))/((-1)/(-3)) is divided by m.
5
Let f = -4 + 9. Calculate the remainder when f + -3 + 7*7 is divided by 13.
12
Suppose 0 = 4*z + 5*a - 24, a = z - 0*a - 15. What is the remainder when 29 is divided by z?
7
Let k(q) = q**3 + 7*q**2 - 8*q + 7. Let d be k(-8). Let v = 0 + d. What is the remainder when 11 is divided by v?
4
What is the remainder when (108/(-8))/((-6)/8) is divided by 10?
8
Let i be (-2 - 1)/(6/(-4)). Suppose i*o - 41 = o + 3*g, o + g = 49. Suppose -80 = -28*b + 23*b. Calculate the remainder when o is divided by b.
15
Let q = 15 - 1. What is the remainder when 55 is divided by q?
13
Let u = 3 - 0. What is the remainder when 8 + 2 - (-30)/(-10) is divided by u?
1
Suppose 72 = -6*y + 14*y. Let b = -47 + 72. Calculate the remainder when b is divided by y.
7
Calculate the remainder when (1 - -83) + 2 + -3 is divided by 21.
20
Let t(y) = y**3 - 13*y**2 + 12*y + 16. Calculate the remainder when 78 is divided by t(12).
14
Suppose -3*w = -3 - 6. Let n(q) = 3*q - 5. Let y be n(7). Suppose -w*m + y = m. Calculate the remainder when 7 is divided by m.
3
Suppose 2*a - 8 = 60. Let i = a + -24. Calculate the remainder when i is divided by 2*(-1 - 1)*-1.
2
Suppose 0 = i + 4*c - 28, -6*c + c + 17 = -i. Suppose 12 = 4*j, 2*j - 324 = -5*b - i. What is the remainder when b is divided by 16?
14
Let a(o) = -5*o - 4. What is the remainder when a(-3) is divided by (35/5)/(-2 - -3)?
4
Suppose -5*d + 4 + 6 = 0. Suppose -d*a = 3*y - 14, 5*a - a = -y - 12. Calculate the remainder when 23 is divided by y.
7
Suppose -2*l = -21 - 9. Calculate the remainder when l is divided by 8.
7
Suppose 0 = 4*r + 2*w - 72, 7 = -r - 2*w + 22. What is the remainder when 35 is divided by r?
16
Let v be 20 - 1/((-2)/4). Suppose 4*j - 16 = 0, 4*o - 3*o + v = 5*j. Calculate the remainder when 6 is divided by (-4 + 6)/(o/(-4)).
2
Let r be (-2 - -1)/(4/(-24)). Let h = r - -2. Calculate the remainder when 22 is divided by h.
6
Let o = -6 - -4. Calculate the remainder when ((-39)/6)/((-2)/8) is divided by 2*8 - (0 - o).
12
Suppose 5*g - 27 - 48 = 0. What is the remainder when 74 is divided by g?
14
Calculate the remainder when 31 is divided by 70/5 + 2 + 0.
15
Let p = -34 + 67. What is the remainder when p is divided by 18?
15
Let r(w) = 3*w**3 + 4*w**2 - 3*w + 1. Let j be r(2). Suppose -j = -2*l + 23. Suppose -11 = -a + 4. What